8 + -8 + -8 - -4.
-4
What is the value of 9 + 0 + 2 - 2?
9
Evaluate -12 - (6 + (1 - 14)).
-5
Evaluate -13 + 0 + 17 + -10.
-6
-7 - (1 + -6 - (-1 - 1))
-4
(0 - (-15 - (0 + -3))) + -5
7
What is the value of (2 - (16 - 5)) + 5?
-4
Evaluate (4 - 2) + (0 - (3 + -2)).
1
Evaluate -1 + -3 + 12 + -5.
3
Calculate (0 - -1) + (-4 - -6).
3
Evaluate -5 + 9 - 0 - 0.
4
What is the value of 5 - 2 - -2 - 4 - 2?
-1
What is 3 - (-2 + 10 + -3)?
-2
What is -8 + -2 + (7 - (-4 + 4))?
-3
Evaluate 6 + 1 + (9 - 8).
8
What is the value of -1 + 4 - (3 + 1 + -5)?
4
What is (1 - (0 - -1)) + 1 + 2?
3
Evaluate -15 + (-14 - -9) + 9.
-11
-2 + (-1 - -3) + (-3 - 1)
-4
What is -22 + 15 + 0 + 4 + -2?
-5
What is the value of 0 - (6 - (6 + -3))?
-3
Calculate -2 + 2 - 2 - -2 - -1.
1
Evaluate -9 + 1 - (-8 + 4).
-4
Evaluate (1 - 10) + 10 - -1.
2
Evaluate (0 - 2) + -6 - -6 - -1.
-1
What is the value of (-11 - -8 - (1 + -1)) + 3?
0
Evaluate 2 + 6 + -2 - 12.
-6
What is the value of 2 + -5 + (9 - 2 - -2)?
6
0 - (0 - 0) - (17 + -13)
-4
53 + -44 - (3 + 1)
5
What is 118 + -118 + 1 + 0 + -4?
-3
What is -21 + 17 + (-5 - (-4 - -1))?
-6
Evaluate -8 - (-7 + (0 - -5)).
-6
(5 - 3) + 1 + 1 + -3
1
What is (-1 - -15 - 28) + 10?
-4
Calculate 5 + -7 + 3 + 3.
4
Calculate -3 + -2 + (2 - -3) + 2.
2
(-15 - -20) + 0 + -3
2
Calculate 3 + -2 - (-20 + 13).
8
What is the value of 2 - 5 - (-8 + 2)?
3
What is the value of 3 + -1 + (3 - 5) + -1?
-1
What is (-3 - (-3 + -2)) + 1 + 1?
4
Evaluate (-1 - (-5 + 1)) + -2.
1
What is the value of (-9 - (-11 - 1)) + -3?
0
Evaluate 7 - ((-2 - -6) + -2).
5
What is the value of (5 - (5 - -5)) + 4?
-1
Calculate -2 + (3 - 2) + -1.
-2
Evaluate (104 - 111) + -2 + (0 - 0).
-9
Evaluate 1 - ((5 - 8) + 11) - -2.
-5
2 + 1 - (3 + -7 - -8)
-1
Calculate 2 + (12 - 7 - (1 + 2)).
4
What is 0 + (-1 - (-3 + -1))?
3
2 - ((3 - -5) + -12)
6
What is (-4 - -11 - 5) + -1?
1
What is the value of (-11 - -8) + 1 - -8?
6
What is -1 + (6 - 1) + -3 + -3?
-2
What is the value of 2 + -5 + 25 + -27?
-5
Calculate -3 + 6 + -8 - (-2 + 2).
-5
(-5 + 4 - -5) + -10 - -1
-5
Evaluate (-49 - -44) + (5 - -1).
1
Evaluate 3 + 4 + (-1 - 3) - 4.
-1
Evaluate 1 + 3 + 1 + -9.
-4
What is 2 + (-14 + -6 - -14)?
-4
What is the value of -5 + 2 + (-3 - -4)?
-2
Calculate 5 + 0 + -3 + -5.
-3
What is -7 + (8 - (4 + -1))?
-2
Evaluate 5 + -4 + (0 - -5).
6
0 - 1 - -6 - (-4 - -10)
-1
What is the value of -17 + 3 - (-3 + 6 + -10)?
-7
What is the value of -2 + (-4 - -6 - -1 - -1)?
2
5 + (-9 + 3 - 6)
-7
What is the value of (-2 - (-9 - -13)) + -3?
-9
0 + -8 + 0 + 3
-5
What is the value of (3 - (2 + 5)) + 4?
0
What is 2 - (8 - (-4 - -6))?
-4
What is 3 + -4 - -8 - (-2 + 6)?
3
What is the value of -1 + -4 + -4 + 9 + -2?
-2
Evaluate -2 + (-1 - -4) + -1.
0
(-5 - 4) + 1 - -1
-7
-8 + (6 - -1 - -8) + -4
3
Calculate -4 + 14 + -11 + 0 + 10.
9
What is the value of 4 - (3 + 12) - (-4 - 2)?
-5
(-3 + 0 - -9) + -3 + -3
0
0 + -1 + 59 + -57
1
What is the value of -3 + 3 + (2 - -1 - 6)?
-3
What is -5 + (0 - -4) - (-5 + 0)?
4
Evaluate -1 - -9 - (16 + -6 - 4).
2
Evaluate -6 - (-15 - -6) - (6 + -3).
0
2 + (-4 - 1) + -8
-11
(3 - 2) + 3 + (-4 - 0)
0
(1 - -2) + 4 + 3 + -5
5
What is (-8 - -2) + (3 - -1)?
-2
What is 0 - (-6 - -4) - 4?
-2
-3 + 0 + 43 + -42
-2
What is -11 + 7 + (1 - -2)?
-1
What is the value of -7 + 3 + 0 + 2?
-2
6 + (-1 - (-6 - -3)) + -8
0
Calculate (0 - 0) + 2 + (74 - 70).
6
What is 1 - (-9 + 4 + 10)?
-4
What is the value of (-7 - (-1 + -1)) + 0 + 10?
5
-3 - (-12 - -19 - (2 - -3))
-5
What is the value of 3 + (2 - (-2 - -11)) + 8?
4
What is the value of 17 + -21 + -2 - (-1 - -4)?
-9
-17 + 24 + -8 + -2
-3
Calculate (-1 + -4 - 0) + 7.
2
Evaluate -5 + (0 - 3) + 3.
-5
What is the value of (-1 - -1) + 13 + -12 + -1?
0
Calculate 3 + -1 - 5 - -1.
-2
What is 0 - 5 - (0 + -24 + 16)?
3
What is 2 - -1 - (8 - 2) - -3?
0
Calculate 8 + -4 + -6 - (1 - 2).
-1
What is 154 - 146 - (1 + 1)?
6
Evaluate 4 + -12 + (-11 - -7 - -3).
-9
What is -1 + 0 + 9 + -6?
2
Calculate 6 + 1 + (-3 - 13 - -11).
2
Calculate (-8 - (-7 - -1)) + 5 + -11.
-8
Calculate 11 + 2 - 16 - (2 + 0).
-5
What is the value of 1 + (2 - 2) + 64 + -58?
7
-2 + 6 - ((10 - -5) + -12)
1
Evaluate -4 + 4 + -2 + -3.
-5
What is the value of 2 - 5 - (-2 - -4 - 8)?
3
Evaluate (0 - -3) + (-32 - -25).
-4
Evaluate -28 - -29 - (4 + 2).
-5
What is the value of -3 + -4 + (9 - -2) + 0?
4
3 - (-13 - -15) - (7 + -1)
-5
Calculate 1 - (6 + (-9 - 0)).
4
Evaluate (5 + -5 - -1) + 2 + -1.
2
What is 4 - (-5 + 5 + 12 + -4)?
-4
7 - 13 - (2 - 3)
-5
What is 3 + -2 + -3 - (-3 + 0)?
1
Calculate 1 + 0 + (1 - 0).
2
Calculate -2 + -3 + 9 - 3.
1
Evaluate -7 - ((-5 - -3) + -1 + 0).
-4
-1 - (4 + -12 - -5)
2
What is (-311 - -302) + -1 + 2 + -1?
-9
1 - (5 + -5 + 0)
1
Evaluate 4 + ((-5 - 0) + -1 - -2).
0
What is -1 - -13 - (-3 - -11)?
4
Evaluate -1 - 1 - (-41 + 36).
3
(56 - 52) + 1 + -7 - -9
7
What is (1 - (-3 + 9)) + -2 - -2?
-5
Evaluate 8 - (-3 + (3 - -5)).
3
Evaluate -20 + 25 + (0 - 5) - -3.
3
What is the value of 7 + -4 - (0 - -6)?
-3
What is the value of (-4 - -4) + 4 + -1?
3
What is (-3 - (-11 - -9)) + 2?
1
What is the value of -3 + 4 - (5 + -3 + -7)?
6
-3 - (4 + -4 - 0 - 0)
-3
What is -17 + 8 + (2 - -1 - -2)?
-4
What is 13 + -8 + -4 - (-1 - -5)?
-3
Evaluate (7 - (2 + 2)) + 1 - 0.
4
What is 6 - (7 + -3 + -2)?
4
What is (-7 - -3) + 7 + (7 - 10)?
0
Evaluate -5 + (6 - 4 - (4 - 4)).
-3
What is the value of 2 - 5 - (-6 - -2)?
1
Evaluate -5 + (-6 - -5) + (0 - -1).
-5
Calculate 1 + -5 - (-5 + 3).
-2
What is -4 - (-2 + (0 - -1) + 0)?
-3
0 + 13 - (-7 + 31 + -17)
6
What is the value of 13 - 7 - (0 + 1 + 1)?
4
Calculate 8 - (5 + -4 + 5).
2
Calculate 8 - 6 - -5 - 2.
5
Evaluate 4 + (1 - 0) - 4.
1
What is -7 + (12 - 2) - 6?
-3
(0 - -2) + 4 - -6 - 4
8
What is the value of -49 + 46 + (1 - 2)?
-4
What is the value of -5 - 1 - (6 + -20 + 16)?
-8
What is the value of 11 - (21 + -9 + 0)?
-1
What is the value of (-16 - -1) + (6 - 0) + 2?
-7
Calculate -4 + 4 + 2 + -7.
-5
What is -7 + -1 - (-145 + 143)?
-6
What is 0 - (7 - (16 + -2 + -6))?
1
What is 1 + -2 + (-4 - -3) + 0?
-2
What is -7 - (1 - (-1 + 4))?
-5
What is (-1 - -4) + 5 + -13 + 2?
-3
What is the value of 1 + (3 - 5) - 3 - -6?
2
What is the value of -2 - -1 - (-13 + 15)?
-3
What is -3 + (10 - 10) + 4?
1
0 + 1 + 3 + (-30 - -31)
5
Evaluate 4 - (9 - 17 - -16).
-4
Evaluate -6 - (-7 + 8 + (-8 - -2)).
-1
What is the value of -4 + (12 - (16 - 12))?
4
What is 3 + (1 - (0 + -1 + 5))?
0
Evaluate -8 + 7 + (-1 - 0) + 1.
-1
1 + 1 - (-4 - (-10 + 9))
5
-1 + (-2 - -1 - -6)
4
What is (-1 - 2) + (11 - 10) + 3?
1
-16 + 8 + -4 - (1 + -9)
-4
Evaluate (-11 - (-20 + -1)) + -14.
-4
What is the value of 4 + -1 + (-32 - -24)?
-5
Calculate (3 - 1) + -6 + 1 + 3.
0
What is the value of -1 - (0 - (-4 - -2))?
-3
(-2 - (0 - 4)) + 2
4
What is -3 - (5 + -2 + -2 + -9)?
5
Calculate 0 - (3 + (0 - (0 + 1))).
-2
-4 + 3 + 1 - -3
3
What is the value of -4 + (10 - -13) + -10?
9
Evaluate -6 + (2 - -1) + -4 + 3.
-4
Calculate 1 + -10 - (-19 - -13).
-3
(6 - 11) + 1 + 6
2
Calculate 0 + -19 + -73 + 85.
-7
Calculate 0 - -5 - (-5 - -8).
2
What is 12 + -15 + (0 - 1)?
-4
Evaluate 5 + 3 + 3 + -8 + 2.
5
What is the value of 5 - (-2 + 0 + 15 + -3)?
-5
Evaluate (0 - -4 - (-5 + 11)) + 7.
5
What is (-9 - -11) + (-4 - -8)?
6
Calculate 3 - (-3 + 1 + 6).
-1
What is the value of 2 + (-2 + 4 - 1) + -5?
-2
What is -11 + 9 + -8 + 7?
-3
Calculate -2 + 10 - (7 + -2).
3
What is the value of -3 + 2 - ((-1 - -2) + -1)?
-1
What is the value of -2 + 1 + -8 + (80 - 66)?
5
Calculate -3 + (-6 - -6) - (0 + -6).
3
0 - -1 - (-12 + 5 - -8)
0
What is (1 + 4 - 3) + 6 + -12?
-4
What is (-5 - (-14 + 2)) + -4?
3
4 + -3 + (2 - -1)
4
(-2 - 0) + (-13 - -11)
-4
4 - 1 - (9 + (-9 - -5))
-2
Evaluate 11 + (-9 - -1) + 3 + -1.
5
What is -2 - (-11 + (15 - 10))?
4
Evaluate -7 + (3 - 7) + (14 - 5).
-2
Evaluate 16 - 1 - 9 - (1 + 0).
5
What is (4 - 0) + (-7 - -1 - -4)?
2
What is (-7 - (-6 - -14)) + 10?
-5
What is (-1 - -1) + (2 - (12 - 2))?
-8
Calculate 5 + 2 - (0 + -5 + 7).
5
Evaluate 2 + 7 - 5 - 8.
-4
What is 8 - (-2 + -2 - (1 - 20))?
-7
Evaluate (-8 - (-5 - 0)) + 4.
1
Calculate 0 - (2 - 5) - 8.
-5
Evaluate 1 + 1 + -11 + 8.
-1
Calculate 15 + -11 + 2 + -1.
5
-8 - (-6 - (9 + -7))
0
What is the value of -5 + (-3 - ((-1 - 3) + 6))?
-10
What is the value of 3 + -7 + -2 + 1?
-5
Evaluate 12 - 5 - (11 + -1 - 7)